it of x(g)?
7
Let m = 7 - -30. What is the units digit of m?
7
Let t(j) = j**3 + 7*j**2 + 5*j - 4. Let u be t(-6). Let c(g) = u - g**3 - 4*g**2 + 1 + 3 + 4*g. What is the tens digit of c(-5)?
1
Let w = -6 - -11. Let b = w - -1. What is the units digit of b?
6
Let g(r) = -r - 3. Let x be g(-7). Suppose -x*j + 56 = -0*j. What is the units digit of j?
4
Let m(v) = -5 + 4 + 18*v + 1 + 5 - v**2. What is the units digit of m(18)?
5
Let m = -6 + 3. Let i(z) = -z**3 - z**2 + 2*z + 2. What is the tens digit of i(m)?
1
Suppose -4*t + 2*t = 8, -12 = 2*c - t. What is the units digit of (-260)/c*(-4)/(-5)?
6
Let q be ((-40)/(-6))/((-5)/(-15)). Suppose q = 2*c + 4*h, 0 + 2 = 3*c - h. What is the units digit of c?
2
Let h(p) = -p**3 + 5*p**2 + p - 4. Let r be h(5). Suppose -5*q = -r - 39. What is the units digit of q?
8
Suppose 5*m = -3*o + 10, -3*o = -5*m - 15 - 5. Suppose -o*x = -10*x + 80. Let h = 24 - x. What is the units digit of h?
8
Let n(m) = 37*m**2 - 2*m + 1. Let c be n(1). Let y = -26 + c. What is the tens digit of y?
1
Suppose -38 = 8*m - 10*m. What is the units digit of m?
9
Let c be 0/((5 - 2)/3). What is the units digit of (1 + c + 2)*3?
9
Let g = 91 - 53. Let l be (-1)/(-4) - g/(-8). Let k = l + -3. What is the units digit of k?
2
Let i = -37 + 66. What is the tens digit of i?
2
What is the tens digit of ((-4)/(-2) - 186)/(-2)?
9
Suppose 4*s + 6 + 2 = 0. What is the units digit of (s/4)/(4/(-104))?
3
Suppose -n = 49 - 225. What is the tens digit of n?
7
Let w(n) = 64*n - 1. Let q be w(3). Suppose 4*r - 63 = -q. Let l = r - -51. What is the units digit of l?
9
Let s be 8/(-3)*(-9)/4. Suppose 3*g = 3 + s. What is the units digit of (g - (2 + -1))*4?
8
Suppose -4*q - 2*l + 29 + 13 = 0, 36 = 3*q + 3*l. Suppose 5*r - 2*r - q = 0. Suppose -y - y - 18 = -r*u, 4*u + 2*y - 38 = 0. What is the units digit of u?
8
Let b(c) = 2*c**2 - 2. What is the tens digit of b(4)?
3
Let a = -5 - -12. What is the units digit of a?
7
Suppose 8*z = 345 + 327. What is the units digit of z?
4
Suppose 4*o + 2*p = 8, -7 = o - 5*p + 2. What is the tens digit of o/(2/4) - -16?
1
Suppose m = -3*l + 3*m + 38, 2*l - 19 = -5*m. Suppose b - l = -3*b. What is the units digit of b?
3
What is the tens digit of (-6)/(-6) + (-6)/(-3) + 93?
9
Let q = 24 - 28. Let h = q + 23. What is the tens digit of h?
1
Let c = -11 + 76. What is the units digit of c?
5
Suppose 0 = 2*a + 3*a + 15, -4*a = 4*d + 16. Let x be (d - -2)*3/(-1). Let y = x + 4. What is the units digit of y?
1
Let k = 6 - 4. Suppose v = -k*v + 45. Suppose 0*y - v = -5*y. What is the units digit of y?
3
Suppose -2*q = -g - 3, -3*g - 5*q + 16 + 8 = 0. Suppose 2*t + t + 3 = -g*h, 0 = 4*t - h - 11. What is the units digit of t?
2
Let i(p) = p**2 - 6*p - 3. Let s be i(7). What is the units digit of (2/s)/(6/180)?
5
Let k(f) = -2*f - 4. Let v be k(-3). Suppose -v*l = -25 - 69. What is the tens digit of l?
4
Suppose 2*g = -3*b + 112, 2*b - b = -2*g + 44. What is the units digit of (-1)/(-3)*(b + -7)?
9
Suppose 3*i = 7*i + 4. Let o = i + 8. What is the units digit of o?
7
Let z(r) = -r**2 + 6*r + 8. Let h = -22 + 11. Let c = -4 - h. What is the units digit of z(c)?
1
Let t be 9/(-2)*4/(-3). Suppose 0 = -t*g + 2*g + 44. What is the tens digit of g?
1
Suppose -1 = -f + 2. What is the units digit of f*(7 + 0/2)?
1
Let y be (3 + -2)*(0 + -1). Let a be ((-8)/y)/(2/1). Suppose -45 - 11 = -a*u. What is the units digit of u?
4
Let j(s) = s**3 - 5*s**2 + 3*s - 2. Let l be j(4). What is the units digit of (l/9)/((-2)/3)?
1
Suppose -3*s = 3*f - 9, -2*s - f - 3 = -3*s. What is the units digit of s?
3
Suppose s + 4*l = -6, -3*s + 2*l + 0*l = -38. Suppose -20 = -5*h + s. What is the units digit of h?
6
Suppose -4*o - 4*a - 28 = 0, 4*o - 3*o + 1 = -4*a. What is the tens digit of 1 + o*(0 + -1)?
1
Suppose 14 = 3*w - x, x + 24 = 5*w - 0*x. Suppose -w = -2*d + 29. Suppose -4*v = 5*c - d, -7*v = 2*c - 2*v. What is the units digit of c?
5
Let x = 13 - 7. Let j = x - 3. Suppose j = l - 4. What is the units digit of l?
7
Let h = 46 - 12. What is the tens digit of h?
3
Let w be (-13)/(-3) - 2/(-3). Suppose -95 = w*i - 245. Suppose 3*m = -0*m + i. What is the units digit of m?
0
Suppose 2*q - 3 = 3*q. Let p = -1 - q. What is the units digit of p - 0/((-6)/(-3))?
2
Let n = 39 + -16. What is the tens digit of n?
2
Let n be (4 - 22)/(2/7). What is the units digit of (-1813)/n - 4/(-18)?
9
Let m(o) = 4*o**2 - 2*o - 1. Suppose -4*j - 4*l = -0*j + 16, 0 = -2*j - 5*l - 17. Let v be m(j). What is the units digit of (-9)/(-45) + 29/v?
6
Let o(r) = -1. Let b(i) = i - 1. Let z(j) = -5*b(j) + 4*o(j). What is the units digit of z(-5)?
6
Let d = 143 + 35. What is the units digit of d?
8
Suppose l - 4*i + 2 - 5 = 0, -3*l + 20 = -i. Suppose -l = 5*y - 2. What is the units digit of 5 - (2*y + 2)?
5
Let u = -4 - -5. Let z = 2 - u. What is the units digit of z?
1
Let q(s) = s**2 + 5*s + 3. Let i be q(-9). Suppose -j = 2*j + 4*o - i, -j = -3*o. What is the units digit of j?
9
Let o = -19 + 75. What is the tens digit of o?
5
Suppose 0 = -2*y - 2*r + 3*r + 42, 0 = -3*r + 12. Suppose 2*z = -8, 5*z + y = -5*w - 12. What is the units digit of 18/(-12)*4/w?
2
Suppose -3*b = 1 + 2. Let g be b - -1 - (-6 + 2). Let a = 5 - g. What is the units digit of a?
1
Let p(k) = -k + 3. Let z be p(-7). Let b = z - 4. What is the units digit of b?
6
Let c be ((-6)/9)/(2/6). What is the units digit of (c/5)/(1/(-5))?
2
Let y = -53 - -30. Suppose 2*q = -0*q + 42. What is the units digit of (-6)/q - y/7?
3
Let h(n) = 4 + 0*n + 0*n + 1 + 3*n. What is the tens digit of h(4)?
1
Let d(t) = -t**3 - 11*t**2 + 2. What is the units digit of d(-11)?
2
What is the tens digit of (-134)/(-6) + (-6)/(-9)?
2
Let q = 0 + 0. Suppose 5*u - 2*u - 90 = q. What is the units digit of u?
0
Let d = 125 - -5. What is the units digit of d?
0
Suppose d - 227 + 77 = 0. Suppose -32 = -k - 0*k + 3*b, -5*k + 5*b + d = 0. What is the units digit of k?
9
Let z(q) = q**2 - 4*q - 10. What is the units digit of z(9)?
5
Suppose 43 = 5*g - 37. Suppose g = 3*a - 8. What is the units digit of a?
8
Let p be ((-10)/30)/(1/6). What is the tens digit of 2/2*(p + 37)?
3
What is the tens digit of (-50)/(4/(1 + -3))?
2
Let l be (2/2 - 2)/(-1). Let w(p) = -p**2 - p. Let t(z) = -z**2 - 4*z. Let o(b) = l*t(b) - 3*w(b). What is the tens digit of o(-2)?
1
Let o(k) be the first derivative of -k**3/6 - 2*k**2 - 2*k - 1. Let w(t) be the first derivative of o(t). What is the units digit of w(-8)?
4
Let n(a) = -a**3 + 5*a**2 - 2*a + 4. Let d be (-2 - 0)*15/(-6). Let t be n(d). Let i(p) = -p**3 - 7*p**2 - 6*p + 2. What is the units digit of i(t)?
2
Suppose -4*g = 2*p - 34, -48 + 7 = -4*p + g. Let v = 45 - p. What is the tens digit of v?
3
Let y be (32/4)/(-1 + 2). Suppose 5*l = l. Suppose l*x = 2*x - y. What is the units digit of x?
4
Suppose 3*q - 6*q = -15. Let y be 2 - (0 + 3 + q). Let h(f) = -f**3 - 6*f**2 - f - 2. What is the units digit of h(y)?
4
Let g(a) be the second derivative of -a**4/12 + a**3/6 + 7*a**2/2 - 2*a. Let l = 4 + -4. What is the units digit of g(l)?
7
Let k = -13 - -19. What is the units digit of k?
6
Let q = 12 - 9. Suppose 0 = -0*w + q*w - 90. What is the tens digit of w?
3
Let s = -19 + 23. What is the units digit of s?
4
Suppose 134 = 2*n + 2. Suppose -2*t = -5*t + n. What is the units digit of t?
2
Let t(u) = 2*u**2 - u - 5. Let q be t(4). Suppose q = 2*x + 5*b, b + b - 29 = -3*x. What is the units digit of x?
9
Suppose 715 = 12*d - 137. What is the tens digit of d?
7
Let s(r) = -6 - r + 4*r + 0*r - 2*r. Let a be s(6). Suppose a*i = -3*i + 18. What is the units digit of i?
6
Let d = -15 + 26. Suppose -4*b = s - 15, -18 = -3*b + b - 4*s. Suppose 2*u + b - d = 0. What is the units digit of u?
4
Let f be (-8)/4 + -1*2. Let w = f + 11. What is the units digit of w?
7
Suppose 0 = c - 6*c + 50. Suppose 0 = -2*g + 2*w + c, 0 = 5*g - w - 12 - 25. What is the units digit of g?
8
Let v(i) = -7*i + 5. What is the tens digit of v(-4)?
3
Let o(n) = 4*n**3 - 5*n**2 + 9*n - 7. What is the hundreds digit of o(4)?
2
What is the units digit of (8/6)/((-10)/(-135))?
8
Suppose -2*b = -4*x + 200, 4*x - 4*b - 204 = -12. Suppose -23 - x = -5*s. What is the units digit of s?
5
Suppose -7*f + f = -342. What is the units digit of f?
7
Suppose 18 = 